{"id":1774,"date":"2026-04-09T20:15:18","date_gmt":"2026-04-09T17:15:18","guid":{"rendered":"http:\/\/tdi_3_a76"},"modified":"2026-04-09T20:15:18","modified_gmt":"2026-04-09T17:15:18","slug":"login","status":"publish","type":"page","link":"https:\/\/portalai.com.tr\/?page_id=1774","title":{"rendered":"Login"},"content":{"rendered":"<div id=\"tdi_1\" class=\"tdc-zone\"><div class=\"tdc_zone tdi_2  wpb_row td-pb-row\"  >\n<style scoped>\n\/* custom css - generated by TagDiv Composer *\/\n\n\/* custom css - generated by TagDiv Composer *\/\n.tdi_2{\r\n                    min-height: 0;\r\n                }\n<\/style><div id=\"tdi_3\" class=\"tdc-row stretch_row_1400 td-stretch-content\"><div class=\"vc_row tdi_4  wpb_row td-pb-row\" >\n<style scoped>\n\/* custom css - generated by TagDiv Composer *\/\n\n\/* custom css - generated by TagDiv Composer *\/\n.tdi_4,\r\n                .tdi_4 .tdc-columns{\r\n                    min-height: 0;\r\n                }.tdi_4,\r\n\t\t\t\t.tdi_4 .tdc-columns{\r\n\t\t\t\t    display: block;\r\n\t\t\t\t}.tdi_4 .tdc-columns{\r\n\t\t\t\t    width: 100%;\r\n\t\t\t\t}.tdi_4:before,\r\n\t\t\t\t.tdi_4:after{\r\n\t\t\t\t    display: table;\r\n\t\t\t\t}@media (min-width: 768px) {\r\n\t                .tdi_4 {\r\n\t                    margin-left: -24px;\r\n\t                    margin-right: -24px;\r\n\t                }\r\n\t                .tdi_4 .tdc-row-video-background-error,\r\n\t                .tdi_4 > .vc_column,\r\n\t                .tdi_4 > .tdc-columns > .vc_column {\r\n\t                    padding-left: 24px;\r\n\t                    padding-right: 24px;\r\n\t                }\r\n                }\n\n\/* landscape *\/\n@media (min-width: 1019px) and (max-width: 1140px){\n@media (min-width: 768px) {\r\n\t                .tdi_4 {\r\n\t                    margin-left: -19px;\r\n\t                    margin-right: -19px;\r\n\t                }\r\n\t                .tdi_4 .tdc-row-video-background-error,\r\n\t                .tdi_4 > .vc_column,\r\n\t                .tdi_4 > .tdc-columns > .vc_column {\r\n\t                    padding-left: 19px;\r\n\t                    padding-right: 19px;\r\n\t                }\r\n                }\n}\n\n\/* portrait *\/\n@media (min-width: 768px) and (max-width: 1018px){\n@media (min-width: 768px) {\r\n\t                .tdi_4 {\r\n\t                    margin-left: -14px;\r\n\t                    margin-right: -14px;\r\n\t                }\r\n\t                .tdi_4 .tdc-row-video-background-error,\r\n\t                .tdi_4 > .vc_column,\r\n\t                .tdi_4 > .tdc-columns > .vc_column {\r\n\t                    padding-left: 14px;\r\n\t                    padding-right: 14px;\r\n\t                }\r\n                }\n}\n\/* inline tdc_css att - generated by TagDiv Composer *\/\n\n.tdi_4{\nmargin-top:100px !important;\n}\n\n.tdi_4 .td_block_wrap{ text-align:left }\n\n\/* landscape *\/\n@media (min-width: 1019px) and (max-width: 1140px)\n{\n.tdi_4{\nmargin-top:80px !important;\n}\n}\n\n\/* portrait *\/\n@media (min-width: 768px) and (max-width: 1018px)\n{\n.tdi_4{\nmargin-top:50px !important;\n}\n}\n\n\/* phone *\/\n@media (max-width: 767px)\n{\n.tdi_4{\nmargin-top:50px !important;\n}\n}\n\n<\/style><div class=\"vc_column tdi_6  wpb_column vc_column_container tdc-column td-pb-span12\">\n<style scoped>\n\/* custom css - generated by TagDiv Composer *\/\n\n\/* custom css - generated by TagDiv Composer *\/\n.tdi_6{\r\n                    vertical-align: baseline;\r\n                }.tdi_6 > .wpb_wrapper,\r\n\t\t\t\t.tdi_6 > .wpb_wrapper > .tdc-elements{\r\n\t\t\t\t    display: flex;\r\n\t\t\t\t\r\n\t\t\t\t    flex-direction: column;\r\n\t\t\t\t\r\n\t\t\t\t    flex-wrap: nowrap;\r\n\t\t\t\t\r\n\t\t\t\t    justify-content: flex-start;\r\n\t\t\t\t\r\n\t\t\t\t    align-items: center;\r\n\t\t\t\t}.tdi_6 > .wpb_wrapper > .tdc-elements{\r\n\t\t\t\t    width: 100%;\r\n\t\t\t\t}.tdi_6 > .wpb_wrapper > .vc_row_inner{\r\n\t\t\t\t    width: auto;\r\n\t\t\t\t}.tdi_6 > .wpb_wrapper{\r\n\t\t\t\t    width: 100%;\r\n\t\t\t\t    height: 100%;\r\n\t\t\t\t}\n<\/style><div class=\"wpb_wrapper\" ><div class=\"tds-page-block td_block_wrap tds_create_account tdi_7  td_block_template_1\"  data-td-block-uid=\"tdi_7\" >\n<style>\n\n\/* inline tdc_css att - generated by TagDiv Composer *\/\n\n.tdi_7{\nmargin-bottom:0px !important;\nwidth:35% !important;\n}\n\n\/* landscape *\/\n@media (min-width: 1019px) and (max-width: 1140px)\n{\n.tdi_7{\nwidth:45% !important;\n}\n}\n\n\/* portrait *\/\n@media (min-width: 768px) and (max-width: 1018px)\n{\n.tdi_7{\nwidth:70% !important;\n}\n}\n\n\/* phone *\/\n@media (max-width: 767px)\n{\n.tdi_7{\nwidth:100% !important;\n}\n}\n\n<\/style>\n<style>\n\/* custom css - generated by TagDiv Composer *\/\n.tds-page-block{\r\n                    transform: translateZ(0);\r\n                    font-family: -apple-system,BlinkMacSystemFont,\"Segoe UI\",Roboto,Oxygen-Sans,Ubuntu,Cantarell,\"Helvetica Neue\",sans-serif;\r\n                    font-size: 14px;\r\n                }.tds-page-block .td-element-style{\r\n                    z-index: -1;\r\n                }.tds-page-block a:not(.tds-s-btn){\r\n                    color: #0489FC;\r\n                }.tds-page-block a:not(.tds-s-btn):hover{\r\n                    color: #152BF7;\r\n                }.tds_create_account .tds-s-fb-open .tds-s-fc-inner,\r\n                .tds_create_account .tds-s-fb-open .tds-s-form-footer,\r\n                .tds_create_account .tds-s-fb-open .tds-s-cal-page-switch{\r\n                    opacity: .5;\r\n                    pointer-events: none; \r\n                }.tds_create_account .tds-s-cal-page-switch{\r\n                    margin-top: 20px;\r\n                    font-size: .929em;\r\n                    line-height: 1.3;\r\n                    text-align: center;\r\n                    color: #666;                  \r\n                }.tds_create_account .tds-s-cal-page-switch a{\r\n                    font-weight: 600;\r\n                }body .tds_create_account .tds-s-form .tds-s-fc-inner{\r\n                    margin-bottom: 0;\r\n                }body .tds_create_account .tds-s-form .tds-s-fc-inner:after{\r\n                    display: none;\r\n                }.tds_create_account .tds-s-form-login .tds-s-notif,\r\n                .tds_create_account .tds-s-register-form .tds-s-notif,\r\n                .tds_create_account .tds-s-form-pass-recovery .tds-s-notif,\r\n                .tds_create_account .tds-s-form-login .tds-s-notif-descr,\r\n                .tds_create_account .tds-s-register-form .tds-s-notif-descr,\r\n                .tds_create_account .tds-s-form-pass-recovery .tds-s-notif-descr{\r\n                    text-align: center;\r\n                }.tds_create_account .tds-s-form-login .tds-s-notif-info:not(:last-child),\r\n                .tds_create_account .tds-s-register-form .tds-s-notif-info:not(:last-child),\r\n                .tds_create_account .tds-s-form-pass-recovery .tds-s-notif-info:not(:last-child){\r\n                    margin-bottom: 32px;\r\n                }.tds_create_account .tds-s-form-login .tds-s-notif-error:not(:first-child),\r\n                .tds_create_account .tds-s-register-form .tds-s-notif-error:not(:first-child),\r\n                .tds_create_account .tds-s-form-pass-recovery .tds-s-notif-error:not(:first-child),\r\n                .tds_create_account .tds-s-form-login .tds-s-notif-success:not(:first-child),\r\n                .tds_create_account .tds-s-register-form .tds-s-notif-success:not(:first-child),\r\n                .tds_create_account .tds-s-form-pass-recovery .tds-s-notif-success:not(:first-child){\r\n                    margin-top: 28px;\r\n                }.tds_create_account .tds-s-form-login .tds-s-btn,\r\n                .tds_create_account .tds-s-register-form .tds-s-btn,\r\n                .tds_create_account .tds-s-form-pass-recovery .tds-s-btn{\r\n                    width: 100%;\r\n                }.tds_create_account .tds-s-form-login{\r\n                    margin-bottom: 0;\r\n                    padding-bottom: 0;\r\n                    border: 0;\r\n                }.tds_create_account .tds-s-form-login .tds-s-form-group:nth-child(2) .tds-s-form-label{\r\n                    display: flex;\r\n                }.tds_create_account .tds-s-form-login .tds-s-form-group:nth-child(2) .tds-s-form-label a{\r\n                    margin-left: auto;\r\n                }.tds_create_account label[for='tds_register_pass'] .tds-s-form-tip-txt{\r\n                    text-align: left;\r\n                }.tds_create_account .tds-s-form-footer{\r\n                    flex-direction: column;\r\n                }.tds_create_account .tds-s-form .tds-s-form-footer .tds-s-btn{\r\n                    margin-right: 0;\r\n                }.tds_create_account .tds-s-form-footer .td-login-social{\r\n                    width: 100%;\r\n                    margin-top: 14px;\r\n                }body .tdi_7 .tds-s-form .tds-s-form-input{\r\n                    border: 1px solid var(--pc-forge-white-transparent-2);\r\n                \r\n                    border-radius: 8px;\r\n                \r\n                    color: var(--pc-forge-white);\r\n                \r\n                    background-color: var(--pc-forge-dark-2);\r\n                }body .tdi_7 .tds-s-btn{\r\n                    border-radius: 100px;\r\n                \r\n                    background-color: var(--pc-forge-accent);\r\n                \r\n                    color: var(--pc-forge-white);\r\n                }body .tdi_7 .tds-s-notif{\r\n                    border-radius: 8px;\r\n                }body .tdi_7.tds-page-block a:not(.tds-s-btn){\r\n                    color: var(--pc-forge-accent);\r\n                }body .tdi_7 .tds-s-form .tds-s-form-group:not(.tds-s-fg-error) .tds-s-form-input:focus:not([readonly]){\r\n                    border-color: var(--pc-forge-accent) !important;\r\n                \r\n                    outline-color: rgba(138, 0, 252, 0.1);\r\n                }body .tdi_7.tds-page-block a:not(.tds-s-btn):hover{\r\n                    color: var(--pc-forge-white-transparent);\r\n                }body .tdi_7 h2.tds-spsh-title{\r\n                    color: var(--pc-forge-white);\r\n                }body .tdi_7 .tds-s-form .tds-s-form-group .tds-s-list-item{\r\n                    color: var(--pc-forge-white-transparent);\r\n                }body .tdi_7 .tds-s-cal-page-switch{\r\n                    color: var(--pc-forge-white-transparent);\r\n                }body .tdi_7 .tds-s-form .tds-s-form-label{\r\n                    color: var(--pc-forge-white-transparent);\r\n                }body .tdi_7 .tds-s-form .tds-s-form-input:-webkit-autofill,\r\n                body .tdi_7 .tds-s-form .tds-s-form-input:-webkit-autofill:hover,\r\n                body .tdi_7 .tds-s-form .tds-s-form-input:-webkit-autofill:focus,\r\n                body .tdi_7 .tds-s-form .tds-s-form-input:-webkit-autofill:active{\r\n                    -webkit-text-fill-color: var(--pc-forge-white);\r\n                \r\n                    -webkit-box-shadow: 0 0 0 1000px var(--pc-forge-dark-2) inset !important;\r\n                }body .tdi_7 .tds-s-btn:hover{\r\n                    color: var(--pc-forge-dark);\r\n                \r\n                    background-color: var(--pc-forge-white);\r\n                }body .tdi_7 .tds-s-notif-info{\r\n                    color: var(--pc-forge-white);\r\n                \r\n                    background-color: rgba(255, 255, 255, 0.08);\r\n                }body .tdi_7{\r\n                    font-family: var(--pc_forge_general) !important;font-size:16px !important;\r\n                }\n\n\/* landscape *\/\n@media (min-width: 1019px) and (max-width: 1140px){\nbody .tdi_7 .tds-s-form .tds-s-form-input{\r\n                    border: 1px solid var(--pc-forge-white-transparent-2);\r\n                }body .tdi_7{\r\n                    font-size:15px !important;\r\n                }\n}\n\n\/* portrait *\/\n@media (min-width: 768px) and (max-width: 1018px){\nbody .tdi_7 .tds-s-form .tds-s-form-input{\r\n                    border: 1px solid var(--pc-forge-white-transparent-2);\r\n                }body .tdi_7{\r\n                    font-size:14px !important;\r\n                }\n}\n\n\/* phone *\/\n@media (max-width: 767px){\nbody .tdi_7 .tds-s-form .tds-s-form-input{\r\n                    border: 1px solid var(--pc-forge-white-transparent-2);\r\n                }body .tdi_7{\r\n                    font-size:14px !important;\r\n                }\n}\n<\/style><div class=\"tds-block-inner td-fix-index\">                    <div class=\"tds-s-page-sec tds-s-page-login\">\r\n                        <div class=\"tds-s-page-sec-header\">\r\n                            <h2 class=\"tds-spsh-title\">Oturum A\u00e7<\/h2>\r\n                        <\/div>\r\n\r\n                        <div class=\"tds-s-page-sec-content\">\r\n                            <div id=\"tds-login-div\" class=\"tds-s-form tds-s-form-login\">\r\n                                <div class=\"tds-s-form-content\">\r\n                                    <div class=\"tds-s-fc-inner\">\r\n                                        <div class=\"tds-s-form-group\">\r\n                                            <label class=\"tds-s-form-label\" for=\"tds_register_email\">Kullan\u0131c\u0131 Ad\u0131 yada Eposta Adresi<\/label>\r\n                                            <input class=\"tds-s-form-input\" type=\"text\" id=\"tds_login_email\" value=\"\" required>\r\n                                        <\/div>\r\n\r\n                                        <div class=\"tds-s-form-group\">\r\n                                            <label class=\"tds-s-form-label\" for=\"tds_register_pass\">\r\n                                                Parola                                                <a href=\"https:\/\/portalai.com.tr\/?page_id=1774&#038;password_recovery\" class=\"tds-ca-forgot-pass-link\">Parolan\u0131z\u0131 m\u0131 unuttunuz?<\/a>\r\n                                            <\/label>\r\n                                            <input class=\"tds-s-form-input\" type=\"password\" id=\"tds_login_pass\" value=\"\" required>\r\n                                        <\/div>\r\n                                    <\/div>\r\n\r\n                                                                            <div class=\"tds-s-notif tds-s-notif-xsm td_display_err\" style=\"display: none\"><\/div>\r\n                                                                    <\/div>\r\n\r\n                                <div class=\"tds-s-form-footer\">\r\n                                    <form id=\"loginForm\" action=\"#\" method=\"post\">\r\n                                        <input type=\"hidden\" id=\"tds-my-account\" name=\"redirect_to\" value=\"https:\/\/portalai.com.tr\/?page_id=1800\">\r\n                                        <button id=\"tds_login_button\" class=\"tds-s-btn tds-s-submit\">Oturum A\u00e7<\/button>\r\n\r\n<!--                                        -->                                    <\/form>\r\n                                                                    <\/div>\r\n                            <\/div>\r\n                                                            <div class=\"tds-s-cal-page-switch\">Hesab\u0131n yok mu <a class=\"tds-ca-register-link\" href=\"https:\/\/portalai.com.tr\/?page_id=1774&amp;signup\">Kay\u0131t Ol<\/a><\/div>\r\n                                                    <\/div>\r\n                    <\/div>\r\n                    <\/div><\/div><\/div><\/div><\/div><\/div><\/div><\/div>","protected":false},"excerpt":{"rendered":"","protected":false},"author":1,"featured_media":0,"parent":0,"menu_order":0,"comment_status":"open","ping_status":"closed","template":"","meta":{"_acf_changed":false,"footnotes":""},"class_list":["post-1774","page","type-page","status-publish"],"acf":[],"yoast_head":"<!-- This site is optimized with the Yoast SEO plugin v27.4 - https:\/\/yoast.com\/product\/yoast-seo-wordpress\/ -->\n<title>Login - PortalAI<\/title>\n<meta name=\"robots\" content=\"noindex, follow, max-snippet:-1, max-image-preview:large, max-video-preview:-1\" \/>\n<meta property=\"og:locale\" content=\"tr_TR\" \/>\n<meta property=\"og:type\" content=\"article\" \/>\n<meta property=\"og:title\" content=\"Login - PortalAI\" \/>\n<meta property=\"og:url\" content=\"https:\/\/portalai.com.tr\/?page_id=1774\" \/>\n<meta property=\"og:site_name\" content=\"PortalAI\" \/>\n<meta name=\"twitter:card\" content=\"summary_large_image\" \/>\n<meta name=\"twitter:label1\" content=\"Tahmini okuma s\u00fcresi\" \/>\n\t<meta name=\"twitter:data1\" content=\"1 dakika\" \/>\n<script type=\"application\/ld+json\" class=\"yoast-schema-graph\">{\"@context\":\"https:\\\/\\\/schema.org\",\"@graph\":[{\"@type\":\"WebPage\",\"@id\":\"https:\\\/\\\/portalai.com.tr\\\/?page_id=1774\",\"url\":\"https:\\\/\\\/portalai.com.tr\\\/?page_id=1774\",\"name\":\"Login - PortalAI\",\"isPartOf\":{\"@id\":\"https:\\\/\\\/portalai.com.tr\\\/#website\"},\"datePublished\":\"2026-04-09T17:15:18+00:00\",\"breadcrumb\":{\"@id\":\"https:\\\/\\\/portalai.com.tr\\\/?page_id=1774#breadcrumb\"},\"inLanguage\":\"tr\",\"potentialAction\":[{\"@type\":\"ReadAction\",\"target\":[\"https:\\\/\\\/portalai.com.tr\\\/?page_id=1774\"]}]},{\"@type\":\"BreadcrumbList\",\"@id\":\"https:\\\/\\\/portalai.com.tr\\\/?page_id=1774#breadcrumb\",\"itemListElement\":[{\"@type\":\"ListItem\",\"position\":1,\"name\":\"Anasayfa\",\"item\":\"https:\\\/\\\/portalai.com.tr\\\/\"},{\"@type\":\"ListItem\",\"position\":2,\"name\":\"Login\"}]},{\"@type\":\"WebSite\",\"@id\":\"https:\\\/\\\/portalai.com.tr\\\/#website\",\"url\":\"https:\\\/\\\/portalai.com.tr\\\/\",\"name\":\"PortalAI\",\"description\":\"Yapay Zekan\u0131n Rotas\u0131\",\"publisher\":{\"@id\":\"https:\\\/\\\/portalai.com.tr\\\/#organization\"},\"potentialAction\":[{\"@type\":\"SearchAction\",\"target\":{\"@type\":\"EntryPoint\",\"urlTemplate\":\"https:\\\/\\\/portalai.com.tr\\\/?s={search_term_string}\"},\"query-input\":{\"@type\":\"PropertyValueSpecification\",\"valueRequired\":true,\"valueName\":\"search_term_string\"}}],\"inLanguage\":\"tr\"},{\"@type\":\"Organization\",\"@id\":\"https:\\\/\\\/portalai.com.tr\\\/#organization\",\"name\":\"PortalAI\",\"url\":\"https:\\\/\\\/portalai.com.tr\\\/\",\"logo\":{\"@type\":\"ImageObject\",\"inLanguage\":\"tr\",\"@id\":\"https:\\\/\\\/portalai.com.tr\\\/#\\\/schema\\\/logo\\\/image\\\/\",\"url\":\"https:\\\/\\\/portalai.com.tr\\\/wp-content\\\/uploads\\\/2026\\\/03\\\/Gemini_Generated_Image_aksykbaksykbaksy.png\",\"contentUrl\":\"https:\\\/\\\/portalai.com.tr\\\/wp-content\\\/uploads\\\/2026\\\/03\\\/Gemini_Generated_Image_aksykbaksykbaksy.png\",\"width\":2048,\"height\":2048,\"caption\":\"PortalAI\"},\"image\":{\"@id\":\"https:\\\/\\\/portalai.com.tr\\\/#\\\/schema\\\/logo\\\/image\\\/\"}}]}<\/script>\n<!-- \/ Yoast SEO plugin. -->","yoast_head_json":{"title":"Login - PortalAI","robots":{"index":"noindex","follow":"follow","max-snippet":"max-snippet:-1","max-image-preview":"max-image-preview:large","max-video-preview":"max-video-preview:-1"},"og_locale":"tr_TR","og_type":"article","og_title":"Login - PortalAI","og_url":"https:\/\/portalai.com.tr\/?page_id=1774","og_site_name":"PortalAI","twitter_card":"summary_large_image","twitter_misc":{"Tahmini okuma s\u00fcresi":"1 dakika"},"schema":{"@context":"https:\/\/schema.org","@graph":[{"@type":"WebPage","@id":"https:\/\/portalai.com.tr\/?page_id=1774","url":"https:\/\/portalai.com.tr\/?page_id=1774","name":"Login - PortalAI","isPartOf":{"@id":"https:\/\/portalai.com.tr\/#website"},"datePublished":"2026-04-09T17:15:18+00:00","breadcrumb":{"@id":"https:\/\/portalai.com.tr\/?page_id=1774#breadcrumb"},"inLanguage":"tr","potentialAction":[{"@type":"ReadAction","target":["https:\/\/portalai.com.tr\/?page_id=1774"]}]},{"@type":"BreadcrumbList","@id":"https:\/\/portalai.com.tr\/?page_id=1774#breadcrumb","itemListElement":[{"@type":"ListItem","position":1,"name":"Anasayfa","item":"https:\/\/portalai.com.tr\/"},{"@type":"ListItem","position":2,"name":"Login"}]},{"@type":"WebSite","@id":"https:\/\/portalai.com.tr\/#website","url":"https:\/\/portalai.com.tr\/","name":"PortalAI","description":"Yapay Zekan\u0131n Rotas\u0131","publisher":{"@id":"https:\/\/portalai.com.tr\/#organization"},"potentialAction":[{"@type":"SearchAction","target":{"@type":"EntryPoint","urlTemplate":"https:\/\/portalai.com.tr\/?s={search_term_string}"},"query-input":{"@type":"PropertyValueSpecification","valueRequired":true,"valueName":"search_term_string"}}],"inLanguage":"tr"},{"@type":"Organization","@id":"https:\/\/portalai.com.tr\/#organization","name":"PortalAI","url":"https:\/\/portalai.com.tr\/","logo":{"@type":"ImageObject","inLanguage":"tr","@id":"https:\/\/portalai.com.tr\/#\/schema\/logo\/image\/","url":"https:\/\/portalai.com.tr\/wp-content\/uploads\/2026\/03\/Gemini_Generated_Image_aksykbaksykbaksy.png","contentUrl":"https:\/\/portalai.com.tr\/wp-content\/uploads\/2026\/03\/Gemini_Generated_Image_aksykbaksykbaksy.png","width":2048,"height":2048,"caption":"PortalAI"},"image":{"@id":"https:\/\/portalai.com.tr\/#\/schema\/logo\/image\/"}}]}},"_links":{"self":[{"href":"https:\/\/portalai.com.tr\/index.php?rest_route=\/wp\/v2\/pages\/1774","targetHints":{"allow":["GET"]}}],"collection":[{"href":"https:\/\/portalai.com.tr\/index.php?rest_route=\/wp\/v2\/pages"}],"about":[{"href":"https:\/\/portalai.com.tr\/index.php?rest_route=\/wp\/v2\/types\/page"}],"author":[{"embeddable":true,"href":"https:\/\/portalai.com.tr\/index.php?rest_route=\/wp\/v2\/users\/1"}],"replies":[{"embeddable":true,"href":"https:\/\/portalai.com.tr\/index.php?rest_route=%2Fwp%2Fv2%2Fcomments&post=1774"}],"version-history":[{"count":1,"href":"https:\/\/portalai.com.tr\/index.php?rest_route=\/wp\/v2\/pages\/1774\/revisions"}],"predecessor-version":[{"id":1775,"href":"https:\/\/portalai.com.tr\/index.php?rest_route=\/wp\/v2\/pages\/1774\/revisions\/1775"}],"wp:attachment":[{"href":"https:\/\/portalai.com.tr\/index.php?rest_route=%2Fwp%2Fv2%2Fmedia&parent=1774"}],"curies":[{"name":"wp","href":"https:\/\/api.w.org\/{rel}","templated":true}]}}